et o = 5 - c. What is the greatest common factor of 2 and o?
2
Let p(g) = 3*g**3 - 7*g**3 - 6*g**2 + 1 + 6*g**3 + 8*g. Let z be p(3). What is the greatest common factor of z and 25?
25
Suppose -4*x + 2 + 23 = -5*g, -2*x + 3*g + 15 = 0. Suppose x = 12*w - 18*w + 90. Let z = -54 + 84. Calculate the greatest common divisor of w and z.
15
Suppose -z + 11*u = 16*u - 23, 3*u = 3*z - 33. Calculate the greatest common factor of 13 and z.
13
Let h(c) = -c**3 - 7*c**2 - c - 7. Let i be h(-7). Let j(k) = k + 4. Let r be j(i). Suppose -g + 5 = r*g. What is the greatest common factor of g and 4?
1
Let x(n) = -3*n**3 + n + 1. Let p be x(-1). Let z = p + -3. Suppose 16 = 2*r - z. Calculate the greatest common divisor of 16 and r.
8
Let j(u) = -83*u**2 + 77*u**2 - u**3 + 1 - 2*u + 0. Let l be j(-6). What is the highest common divisor of 39 and l?
13
Let p be 4 + 0 + -3 + 4 + -4. What is the highest common factor of 71 and p?
1
Suppose 1 + 2 = -q + y, -4*q - 17 = -5*y. Calculate the greatest common factor of 34 and q.
2
Let u be 170/8 + 7/(-28). What is the greatest common divisor of 30 and u?
3
Suppose -8*f - 286 = -19*f. What is the greatest common factor of f and 247?
13
Let r be (-84)/9*3/(-2). Suppose -60 + r = -j. Suppose -3*s + 102 = 3*m, -m + 5*s + 0*s = -j. Calculate the greatest common divisor of m and 24.
12
Let o = 146 - -37. Let n = o + -149. Let b(t) = 79*t + 1. Let a be b(3). Calculate the highest common divisor of n and a.
34
Suppose 18 = 4*b - 38. What is the greatest common factor of b and 56?
14
Let b be (672/(-196))/(4/(-14)). Calculate the highest common divisor of b and 708.
12
Let t = -1 - 1. Let y be (t/(-5))/(8/40). Let h be (11 + -10)/(y/22). What is the highest common factor of 77 and h?
11
Let o = -130 - -46. Let j = o + 101. Calculate the greatest common divisor of 187 and j.
17
Let h = -111 + 55. Let l = 26 + h. Let t be ((-16)/(-24))/((-2)/l). What is the greatest common factor of 110 and t?
10
Suppose 0 = -3*n - 123 + 345. Let i = 51 + n. Suppose -4*t - t + i = 0. Calculate the greatest common divisor of 125 and t.
25
Suppose -s = 3*k + 7 - 0, k + 37 = 4*s. Suppose 3*p = 2*p + 8. Suppose -2*m = -4*n + 2, 0 = -3*n - 5*m - p + 29. Calculate the highest common factor of s and n.
2
Suppose 2*k - 938 = -5*t, 3*k + 0*k - 5*t - 1357 = 0. Calculate the greatest common divisor of 34 and k.
17
Suppose 16 = t + t. Suppose 14 = -6*b + t*b. Let c = 11 - b. Calculate the greatest common factor of 40 and c.
4
Let h be ((-2)/3)/(4/(-936)). Suppose 0 = 14*n - 10*n - h. Suppose n - 228 = -9*s. Calculate the highest common divisor of s and 231.
21
Let i be (10/(-25))/((-2)/80). Let u(w) = w**2 + 7*w - 4. Let r be u(-8). What is the highest common divisor of r and i?
4
Let i be 3/2*78/117. Suppose -2*h + 5*k + 53 = 0, 0 = h + 6*k - 3*k + 1. Suppose 21 = 3*c - 4*x, 0*x + h = c + x. What is the highest common divisor of c and i?
1
Let k = 1035 - 984. Let f be 18 - (-1 - 4/(-2)). Calculate the highest common divisor of f and k.
17
Let n = -363 + 473. Calculate the greatest common divisor of 44 and n.
22
Suppose 0 = 4*t - 8, 30*y - 490 = 24*y - 2*t. Suppose 2*f + 208 = -2*f. Let h be (-2)/(-6) + f/(-6). What is the greatest common divisor of y and h?
9
Let x = -36 - -72. Suppose 4*f + h - x = 3*f, 123 = 3*f - 2*h. Suppose 2*c - 9 - f = 0. Calculate the greatest common divisor of 6 and c.
6
Let m(k) = -61*k - 1. Suppose 0 = 5*g - 4*g + 4. Let a be m(g). Calculate the greatest common factor of a and 27.
27
Let i(k) = k**3 + 19*k**2 + 8*k + 1. Let m be i(-19). Let y = m - -164. Calculate the greatest common factor of y and 117.
13
Let f be (3 - (1 - 25)) + -7. Calculate the greatest common factor of 10 and f.
10
Let i be ((-259)/(-35) + -11)*-470. What is the greatest common factor of i and 72?
36
Suppose 2*c = 41 + 51. Suppose 5*j + n + 88 = 0, 2*j + 3*n - n = -32. Let r = c + j. What is the greatest common factor of 7 and r?
7
Let o = -59 - -61. Suppose 0 = -4*l + o*l + 10. Let w(v) = 9*v + 4. Let u be w(4). What is the greatest common factor of u and l?
5
Let l(g) = 81*g**3 - 4. Let n(p) = -80*p**3 - p**2 - p + 5. Let y(u) = -4*l(u) - 3*n(u). Let s be y(-1). What is the highest common divisor of 17 and s?
17
Let l(u) = u - 19. Let z be l(16). Let g be z + 1 - (-21 - -3). Calculate the greatest common divisor of 8 and g.
8
Suppose 8*f = 12*f + 8. Let j be (5*f)/(-5) + 54. Suppose -2*b - 24 = -j. What is the highest common factor of b and 32?
16
Let j(s) = -80*s**3 + s + 1. Let d be j(-1). Let a be (-39 - -3)*3/2. Let n = d + a. Calculate the highest common divisor of n and 13.
13
Let x(i) = -2*i + 2. Let j be x(9). Let o = -5 - j. Suppose 53 + o = 2*n. What is the greatest common divisor of 16 and n?
16
Let d(o) = 5*o - 4. Suppose 3*n - 5*n + 8 = 0. Let b be d(n). Calculate the highest common factor of 4 and b.
4
Let a(k) = 19*k - 26. Let v be a(2). Suppose 72 = 3*w + 5*c, -4*w - c = -8*w + 96. Calculate the highest common factor of w and v.
12
Suppose 4*k - 3*h = 147, -104 + 30 = -3*k - 5*h. What is the highest common factor of k and 21?
3
Let w be (-66)/4*424/(-159). Calculate the highest common factor of w and 1034.
22
Suppose 7*l - 11*l + 22 = 2*n, -3*n = -3*l - 24. What is the greatest common factor of n and 243?
9
Suppose -j + 14 = 2*o, 0 = 4*o + 10 - 22. What is the highest common factor of j and 232?
8
Suppose 4*j = -3*c + 581 - 155, 0 = 5*c - 30. Let w = -3 + 9. What is the greatest common factor of j and w?
6
Let a be (32/12 + -4)*75/(-2). Let p = a - 29. Calculate the highest common factor of p and 105.
21
Suppose -3*h + 47*n = 45*n - 151, 232 = 4*h + 5*n. Calculate the greatest common factor of 901 and h.
53
Suppose -92*x - 360 = -104*x. What is the greatest common factor of x and 750?
30
Let b(g) = 3*g**2 - 21*g + 74. Let h be b(4). Suppose 5*o - 23 = 167. Calculate the highest common divisor of o and h.
38
Suppose 5*n = 5, -4*n = 3*h + 2*h - 664. Let g = h - 84. Suppose 0*i + 2*t - 64 = -4*i, -4*i + 4*t + 64 = 0. Calculate the highest common factor of i and g.
16
Let l(k) = k**3 - 9*k**2 + k - 9. Let j be l(9). Suppose 4*f - 56 = -j*f + 2*n, -n - 13 = -f. What is the highest common divisor of 5 and f?
5
Let y be (5*(-2)/(-20))/(3/(-108)). Let k be 4/y - (-4732)/234. Let z be 3/(((-2)/20)/(-1)). Calculate the highest common divisor of k and z.
10
Let b(n) = -39*n + 2. Let m be b(15). Let j be m/(-9) - 36/(-162). Calculate the highest common factor of 13 and j.
13
Let i be (-16)/(-6) - (-2)/(-3). Let c(s) = 5*s - s**2 + 0*s**2 + 3 + 2*s**i. Let u be c(-7). Calculate the greatest common factor of u and 51.
17
Let j = 1156 - 1144. Let m(u) = -u + 15. Let y be m(7). What is the highest common factor of j and y?
4
Let h(p) = p**2 - 16*p - 18. Let y be h(18). Suppose 5*q + 4*n = y, -5*q = -2*n + 2 - 38. What is the highest common factor of 21 and q?
3
Suppose -5*g + 4*z + 101 = -2*g, -4*g = -3*z - 137. Let y = -509 - -516. Calculate the highest common divisor of y and g.
7
Suppose -5*m = -0*m - 15. Let i = 834 + -807. Calculate the highest common divisor of m and i.
3
Let v(c) = -c**2 - 16*c + 6. Let k be v(-16). Suppose -11*n = -k*n - 80. What is the greatest common factor of 48 and n?
16
Let b = 165 + 114. What is the greatest common factor of b and 93?
93
Suppose -a + 32 = -2*t, a + 112 = 4*a - 2*t. Let i(r) = r**3 - r**2 + 2*r + 20. Let z be i(0). What is the greatest common divisor of a and z?
20
Let n = -41 + 85. Suppose -4 - n = -3*u. What is the highest common divisor of 4 and u?
4
Suppose -216 = -8*a - 10*a. What is the highest common divisor of a and 732?
12
Let j(n) = -7*n**3 + 1. Let r be j(-1). Let z(l) = 171*l**2 - 170*l**2 - l - l - l + 10. Let x be z(9). What is the greatest common divisor of x and r?
8
Let i = -248 + 258. Calculate the greatest common factor of i and 25.
5
Let l(i) = i**2 - 52*i + 105. Let k be l(50). Calculate the greatest common factor of 1 and k.
1
Suppose -3*a = -4*o + 41, 2*a - 2*o + 31 = -a. Let l = 9 + a. Suppose l*g = x - 19, x - 3*g - 16 = -0*x. What is the highest common factor of x and 5?
5
Let c be 2/8 + 285/12. Let t = -17 + c. Suppose 0 = 5*q - 4*q - 1. What is the greatest common factor of q and t?
1
Suppose -144 = -28*k + 26*k. What is the greatest common factor of 54 and k?
18
Let k(r) = r**